{"id":2347,"date":"2020-12-02T08:10:35","date_gmt":"2020-12-02T08:10:35","guid":{"rendered":"https:\/\/www.pro-teuto.de\/?page_id=2347"},"modified":"2024-01-05T18:06:26","modified_gmt":"2024-01-05T18:06:26","slug":"spenden-und-mitgliedschaft","status":"publish","type":"page","link":"https:\/\/www.pro-teuto.de\/?page_id=2347","title":{"rendered":"Spenden und Mitgliedschaft"},"content":{"rendered":"<p>Unterst\u00fctzen Sie Pro Teuto mit einer Spende oder Ihrer Mitgliedschaft:<\/p>\n<p><strong>Einmalige Spende<\/strong><\/p>\n<p>Wir freuen uns \u00fcber jede finanzielle Zuwendung, die unsere Arbeit unterst\u00fctzt. Spenden an uns als gemeinn\u00fctziger Verein sind steuerlich abzugsf\u00e4hig. Jeweils zu Beginn des Folgejahres erhalten Sie per Post unaufgefordert eine Spendenquittung. Bitte geben Sie deshalb auf dem \u00dcberweisungsformular ihre vollst\u00e4ndige Adresse an &#8211; oder spenden Sie ganz unkompliziert und schnell \u00fcber die nachstehende Schaltfl\u00e4che per PayPal bzw. Kreditkarte.<\/p>\n<form action=\"https:\/\/www.paypal.com\/donate\" method=\"post\" target=\"_top\"><input name=\"hosted_button_id\" type=\"hidden\" value=\"74MAC765E2YL4\" \/><br \/>\n<input title=\"PayPal - The safer, easier way to pay online!\" alt=\"Donate with PayPal button\" name=\"submit\" src=\"https:\/\/www.paypalobjects.com\/de_DE\/DE\/i\/btn\/btn_donateCC_LG.gif\" type=\"image\" \/><br \/>\n<img loading=\"lazy\" decoding=\"async\" src=\"https:\/\/www.paypal.com\/de_DE\/i\/scr\/pixel.gif\" alt=\"\" width=\"1\" height=\"1\" border=\"0\" \/><\/form>\n<p>Bankverbindung Spendenkonto:<\/p>\n<p>Stadtsparkasse Lengerich<br \/>\nIBAN:\u00a0\u00a0\u00a0 DE36 4015 4476 0003 0047 85<br \/>\nBIC:\u00a0\u00a0\u00a0\u00a0\u00a0 WELADED1LEN<br \/>\nKontoinhaber: B\u00fcrgerinitiative Pro Teuto e.V.<\/p>\n<p><strong>Regelm\u00e4\u00dfige F\u00f6rderung<\/strong><\/p>\n<p>Pro Teuto finanziert sich aus Mitgliedsbeitr\u00e4gen, Spenden und regelm\u00e4\u00dfigen F\u00f6rderbeitr\u00e4gen. F\u00f6rderbeitr\u00e4ge sichern unsere Unabh\u00e4ngigkeit und erweitern unsere Handlungsm\u00f6glichkeiten. Wenn Sie uns regelm\u00e4\u00dfig mit einer kleinen Summe f\u00f6rdern wollen, nehmen Sie doch bitte Kontakt zu uns auf oder richten Sie einen Dauerauftrag zugunsten unseres F\u00f6rderkontos ein:<\/p>\n<p>Bankverbindung F\u00f6rderkonto:<\/p>\n<p>Stadtsparkasse Lengerich<br \/>\nIBAN:\u00a0\u00a0\u00a0 DE18 4015 4476 0001 1602 66<br \/>\nBIC:\u00a0\u00a0\u00a0\u00a0\u00a0 WELADED1LEN<br \/>\nKontoinhaber: B\u00fcrgerinitiative Pro Teuto e.V.<\/p>\n<p>&nbsp;<\/p>\n<p><strong>Mitgliedschaft<\/strong><\/p>\n<p>Sie wollen bei Mitglied bei Pro Teuto werden? Unseren <a href=\"https:\/\/www.pro-teuto.de\/wp-content\/uploads\/2024\/01\/Pro_Teuto_Aufnahmeantrag.pdf\" target=\"_blank\" rel=\"noopener noreferrer\">Aufnahmeantrag finden Sie hier<\/a>.<\/p>\n<p>Sie wollen aktiv werden? Wir freuen uns auch sehr \u00fcber Ihr Engagement f\u00fcr unsere Ziele &#8211; ganz unabh\u00e4ngig von einer Mitgliedschaft. Nehmen Sie dazu doch bitte Kontakt mit uns auf: info@pro-teuto.de<\/p>\n<p><strong>Herzlichen Dank f\u00fcr Ihre Unterst\u00fctzung!<\/strong><\/p>\n","protected":false},"excerpt":{"rendered":"<p>Unterst\u00fctzen Sie Pro Teuto mit einer Spende oder Ihrer Mitgliedschaft: Einmalige Spende Wir freuen uns \u00fcber jede finanzielle Zuwendung, die unsere Arbeit unterst\u00fctzt.&hellip;<\/p>\n","protected":false},"author":5,"featured_media":0,"parent":0,"menu_order":0,"comment_status":"closed","ping_status":"closed","template":"","meta":{"footnotes":""},"class_list":["post-2347","page","type-page","status-publish","hentry"],"_links":{"self":[{"href":"https:\/\/www.pro-teuto.de\/index.php?rest_route=\/wp\/v2\/pages\/2347","targetHints":{"allow":["GET"]}}],"collection":[{"href":"https:\/\/www.pro-teuto.de\/index.php?rest_route=\/wp\/v2\/pages"}],"about":[{"href":"https:\/\/www.pro-teuto.de\/index.php?rest_route=\/wp\/v2\/types\/page"}],"author":[{"embeddable":true,"href":"https:\/\/www.pro-teuto.de\/index.php?rest_route=\/wp\/v2\/users\/5"}],"replies":[{"embeddable":true,"href":"https:\/\/www.pro-teuto.de\/index.php?rest_route=%2Fwp%2Fv2%2Fcomments&post=2347"}],"version-history":[{"count":25,"href":"https:\/\/www.pro-teuto.de\/index.php?rest_route=\/wp\/v2\/pages\/2347\/revisions"}],"predecessor-version":[{"id":2931,"href":"https:\/\/www.pro-teuto.de\/index.php?rest_route=\/wp\/v2\/pages\/2347\/revisions\/2931"}],"wp:attachment":[{"href":"https:\/\/www.pro-teuto.de\/index.php?rest_route=%2Fwp%2Fv2%2Fmedia&parent=2347"}],"curies":[{"name":"wp","href":"https:\/\/api.w.org\/{rel}","templated":true}]}}