{"id":429,"date":"2017-01-28T12:28:35","date_gmt":"2017-01-28T12:28:35","guid":{"rendered":"http:\/\/pro-teuto.de\/pt\/?page_id=429"},"modified":"2017-02-05T18:02:43","modified_gmt":"2017-02-05T18:02:43","slug":"das-geschaeft-mit-dem-muell","status":"publish","type":"page","link":"https:\/\/www.pro-teuto.de\/?page_id=429","title":{"rendered":"Das Gesch\u00e4ft mit dem M\u00fcll"},"content":{"rendered":"<p><img loading=\"lazy\" decoding=\"async\" src=\"https:\/\/pro-teuto.de\/wp-content\/uploads\/2017\/02\/qualmwerk.jpg\" alt=\"\" width=\"635\" height=\"154\" class=\"alignnone size-full wp-image-682\" srcset=\"https:\/\/www.pro-teuto.de\/wp-content\/uploads\/2017\/02\/qualmwerk.jpg 635w, https:\/\/www.pro-teuto.de\/wp-content\/uploads\/2017\/02\/qualmwerk-300x73.jpg 300w\" sizes=\"auto, (max-width: 635px) 100vw, 635px\" \/><\/p>\n<h3>Das Gesch\u00e4ft mit dem M\u00fcll<\/h3>\n<p>Moderne, technisch ausgereifte M\u00fcllverbrennungsanlagen (MVA) unterschreiten die gesetzlichen Grenzwerte f\u00fcr Imissionen der 17. Bundesimmissionsschutzverordnung (BImSCHV) deutlich.<\/p>\n<p>Zementwerke wurden urspr\u00fcnglich f\u00fcr die Zementherstellung gebaut und sind f\u00fcr die M\u00fcllverbrennung nicht konzipiert worden. Durch bestimmte gesetzliche Ausnahmetatbest\u00e4nde m\u00fcssen diese Anlagen nicht durchg\u00e4ngig den aktuellsten Stand der Umwelttechnik (z.B. Rauchgasreinigung) erreichen und k\u00f6nnen so erheblich billiger den M\u00fcll entsorgen als moderne M\u00fcllverbrennungsanlagen.<\/p>\n<p>Der Gesetzgeber erlaubt den Zementwerken mehr Schadstofffrachten in die Luft auszusto\u00dfen, als dieses in modernen M\u00fcllverbrennungsanlagen erlaubt ist.<\/p>\n<p>In einer freien Marktwirtschaft f\u00fchrt diese gesetzliche Ungleichbehandlung zwischen M\u00fcllverbrennungsanlagen und Zementwerken zu einer mengenm\u00e4\u00dfigen Ausweitung der Mitverbrennung in Zementwerken. Einige moderne, gut ausgestattete M\u00fcllverbrennungsanlagen in NRW haben deshalb bereits betriebswirtschaftliche Probleme.<\/p>\n<p>Dieses System des Preisdumping (\u00d6ko-dumping) belastet die Umwelt. W\u00e4hrend die umweltschonenden MVA teilweise nicht voll ausgelastet sind, werden die Abf\u00e4lle in Zementwerken billiger mitverbrannt, weil es f\u00fcr die Unternehmen lukrativ ist.<\/p>\n<p>F\u00fcr die Verbrennung von Braunkohle m\u00fcssen ab dem Jahr 2013 Emissionszertifikate gekauft werden, die f\u00fcr L\u00f6sungsmittel und Kl\u00e4rschlamm nicht vorgeschrieben sind. Dadurch wird die Mitverbrennung von Ersatzbrennstoffen in Zukunft noch lukrativer.<\/p>\n<p>Bei einem angenommenen Entsorgungspreis von ca. 50 EURO pro Tonne Kl\u00e4rschlamm w\u00fcrde eine Verbrennung von 60.000 Tonnen Kl\u00e4rschlamm pro Jahr einen Rohertrag von ca. 3 Millionen EURO bringen.<\/p>\n<p>&nbsp;<\/p>\n<h3>Endprodukte als Schadstoffsenke<\/h3>\n<p>Die Verwendung von Ersatzbrennstoffen f\u00fchrt zu einem erh\u00f6hten Schadstoffeintrag in die Produkte, z.B. Zement. Ein gewisser Teil der abfallst\u00e4mmigen Schadstoffe verbleibt im Klinker bzw. im Zement. Zement wird so als \u201eSchadstoffsenke\u201c benutzt.<\/p>\n","protected":false},"excerpt":{"rendered":"<p>Das Gesch\u00e4ft mit dem M\u00fcll Moderne, technisch ausgereifte M\u00fcllverbrennungsanlagen (MVA) unterschreiten die gesetzlichen Grenzwerte f\u00fcr Imissionen der 17. Bundesimmissionsschutzverordnung (BImSCHV) deutlich. Zementwerke wurden&hellip;<\/p>\n","protected":false},"author":1,"featured_media":0,"parent":0,"menu_order":0,"comment_status":"closed","ping_status":"closed","template":"","meta":{"footnotes":""},"class_list":["post-429","page","type-page","status-publish","hentry"],"_links":{"self":[{"href":"https:\/\/www.pro-teuto.de\/index.php?rest_route=\/wp\/v2\/pages\/429","targetHints":{"allow":["GET"]}}],"collection":[{"href":"https:\/\/www.pro-teuto.de\/index.php?rest_route=\/wp\/v2\/pages"}],"about":[{"href":"https:\/\/www.pro-teuto.de\/index.php?rest_route=\/wp\/v2\/types\/page"}],"author":[{"embeddable":true,"href":"https:\/\/www.pro-teuto.de\/index.php?rest_route=\/wp\/v2\/users\/1"}],"replies":[{"embeddable":true,"href":"https:\/\/www.pro-teuto.de\/index.php?rest_route=%2Fwp%2Fv2%2Fcomments&post=429"}],"version-history":[{"count":3,"href":"https:\/\/www.pro-teuto.de\/index.php?rest_route=\/wp\/v2\/pages\/429\/revisions"}],"predecessor-version":[{"id":696,"href":"https:\/\/www.pro-teuto.de\/index.php?rest_route=\/wp\/v2\/pages\/429\/revisions\/696"}],"wp:attachment":[{"href":"https:\/\/www.pro-teuto.de\/index.php?rest_route=%2Fwp%2Fv2%2Fmedia&parent=429"}],"curies":[{"name":"wp","href":"https:\/\/api.w.org\/{rel}","templated":true}]}}